{"id":3932,"date":"2020-11-02T13:01:06","date_gmt":"2020-11-02T13:01:06","guid":{"rendered":"https:\/\/www.oafla.org\/?post_type=oaflad_members&#038;p=3932"},"modified":"2025-09-22T21:04:25","modified_gmt":"2025-09-22T21:04:25","slug":"h-e-mrs-denise-nyakeru-tshisekedi","status":"publish","type":"oaflad_members","link":"https:\/\/oaflad.org\/fr\/oaflad_members\/h-e-mrs-denise-nyakeru-tshisekedi\/","title":{"rendered":"S.E. Mme Denise Nyakeru Tshisekedi"},"content":{"rendered":"<section class=\"container-wrap  main-color\"  style=\"padding-top:40px;padding-bottom:40px\" ><div class=\"section-container container\"><div class=\"vc_row wpb_row vc_row-fluid row\"><div class=\"wpb_column vc_column_container vc_col-sm-12\"><div class=\"vc_column-inner\"><div class=\"wpb_wrapper\">\n\t<div class=\"kleo_text_column wpb_text_column wpb_content_element\" >\n\t\t<div class=\"wpb_wrapper\">\n\t\t\t<div id=\"page103_title2\" class=\"title2_wp_outer\">\n<h2 class=\"title\"><span style=\"color: #ffffff;\">Premi\u00e8re Dame de la R\u00e9publique d\u00e9mocratique du Congo <\/span><\/h2>\n<div class=\"clear_div\"><span style=\"color: #ffffff;\">N\u00e9e le 9 mars 1967 au Sud-Kivu en R\u00e9publique d\u00e9mocratique du Congo (RDC), Madame Denise Nyakeru Tshisekedi est mari\u00e9e et m\u00e8re de 5 enfants. Elle a obtenu son dipl\u00f4me (BAC) en RDC et a poursuivi ses \u00e9tudes en Belgique o\u00f9 elle a ensuite entam\u00e9 une carri\u00e8re d'infirmi\u00e8re.<\/span><\/div>\n<\/div>\n<div id=\"page103_htmltext1\" class=\"htmltext1_wp_outer\">\n<p><span style=\"color: #ffffff;\">Elle est impliqu\u00e9e dans l'autonomisation des femmes et des filles congolaises, \u00e0 travers sa fondation \"Fondation Denise Nyakeru Tshisekedi (FDNT)\", cr\u00e9\u00e9e en mai 2019.<\/span><\/p>\n<p><span style=\"color: #ffffff;\">Nomm\u00e9e ambassadrice de bonne volont\u00e9 du FNUAP en mai 2019, pour la lutte contre les violences sexistes et l'autonomisation des femmes, elle a \u00e9galement \u00e9t\u00e9 nomm\u00e9e \"Championne mondiale pour la pr\u00e9vention des violences sexuelles li\u00e9es aux conflits\" par le Bureau du Repr\u00e9sentant sp\u00e9cial du Secr\u00e9taire g\u00e9n\u00e9ral des Nations Unies charg\u00e9 de cette question, en d\u00e9cembre 2019.<\/span><\/p>\n<\/div>\n\n\t\t<\/div>\n\t<\/div><\/div><\/div><\/div><\/div><\/div><\/section><!-- end section -->","protected":false},"excerpt":{"rendered":"<p>R.D. Congo <\/p>","protected":false},"author":10,"featured_media":5743,"menu_order":30,"template":"","format":"standard","meta":{"_bbp_topic_count":0,"_bbp_reply_count":0,"_bbp_total_topic_count":0,"_bbp_total_reply_count":0,"_bbp_voice_count":0,"_bbp_anonymous_reply_count":0,"_bbp_topic_count_hidden":0,"_bbp_reply_count_hidden":0,"_bbp_forum_subforum_count":0,"footnotes":""},"categories":[67],"acf":[],"_links":{"self":[{"href":"https:\/\/oaflad.org\/fr\/wp-json\/wp\/v2\/oaflad_members\/3932"}],"collection":[{"href":"https:\/\/oaflad.org\/fr\/wp-json\/wp\/v2\/oaflad_members"}],"about":[{"href":"https:\/\/oaflad.org\/fr\/wp-json\/wp\/v2\/types\/oaflad_members"}],"author":[{"embeddable":true,"href":"https:\/\/oaflad.org\/fr\/wp-json\/wp\/v2\/users\/10"}],"version-history":[{"count":4,"href":"https:\/\/oaflad.org\/fr\/wp-json\/wp\/v2\/oaflad_members\/3932\/revisions"}],"predecessor-version":[{"id":5083,"href":"https:\/\/oaflad.org\/fr\/wp-json\/wp\/v2\/oaflad_members\/3932\/revisions\/5083"}],"wp:featuredmedia":[{"embeddable":true,"href":"https:\/\/oaflad.org\/fr\/wp-json\/wp\/v2\/media\/5743"}],"wp:attachment":[{"href":"https:\/\/oaflad.org\/fr\/wp-json\/wp\/v2\/media?parent=3932"}],"wp:term":[{"taxonomy":"category","embeddable":true,"href":"https:\/\/oaflad.org\/fr\/wp-json\/wp\/v2\/categories?post=3932"}],"curies":[{"name":"wp","href":"https:\/\/api.w.org\/{rel}","templated":true}]}}

<section class="container-wrap  main-color"  style="padding-top:40px;padding-bottom:40px" ><div class="section-container container"><div class="vc_row wpb_row vc_row-fluid row"><div class="wpb_column vc_column_container vc_col-sm-12"><div class="vc_column-inner"><div class="wpb_wrapper">
	<div class="kleo_text_column wpb_text_column wpb_content_element" >
		<div class="wpb_wrapper">
			<div id="page103_title2" class="title2_wp_outer">
<h2 class="title"><span style="color: #ffffff;">Première Dame de la République démocratique du Congo </span></h2>
<div class="clear_div"><span style="color: #ffffff;">Née le 9 mars 1967 au Sud-Kivu en République démocratique du Congo (RDC), Madame Denise Nyakeru Tshisekedi est mariée et mère de 5 enfants. Elle a obtenu son diplôme (BAC) en RDC et a poursuivi ses études en Belgique où elle a ensuite entamé une carrière d'infirmière.</span></div>
</div>
<div id="page103_htmltext1" class="htmltext1_wp_outer">
<p><span style="color: #ffffff;">Elle est impliquée dans l'autonomisation des femmes et des filles congolaises, à travers sa fondation "Fondation Denise Nyakeru Tshisekedi (FDNT)", créée en mai 2019.</span></p>
<p><span style="color: #ffffff;">Nommée ambassadrice de bonne volonté du FNUAP en mai 2019, pour la lutte contre les violences sexistes et l'autonomisation des femmes, elle a également été nommée "Championne mondiale pour la prévention des violences sexuelles liées aux conflits" par le Bureau du Représentant spécial du Secrétaire général des Nations Unies chargé de cette question, en décembre 2019.</span></p>
</div>

		</div>
	</div></div></div></div></div></div></section><!-- end section -->
