{"id":3922,"date":"2020-11-02T12:23:44","date_gmt":"2020-11-02T12:23:44","guid":{"rendered":"https:\/\/www.oafla.org\/?post_type=oaflad_members&#038;p=3922"},"modified":"2025-09-10T11:15:50","modified_gmt":"2025-09-10T11:15:50","slug":"h-e-ana-afonso-dias-lourenco","status":"publish","type":"oaflad_members","link":"https:\/\/oaflad.org\/pt\/oaflad_members\/h-e-ana-afonso-dias-lourenco\/","title":{"rendered":"H.E Mrs Ana Afonso Dias Louren\u00e7o"},"content":{"rendered":"<section class=\"container-wrap  main-color\"  style=\"padding-top:40px;padding-bottom:40px\" ><div class=\"section-container container\"><div class=\"vc_row wpb_row vc_row-fluid row\"><div class=\"wpb_column vc_column_container vc_col-sm-12\"><div class=\"vc_column-inner\"><div class=\"wpb_wrapper\">\n\t<div class=\"kleo_text_column wpb_text_column wpb_content_element\" >\n\t\t<div class=\"wpb_wrapper\">\n\t\t\t<div id=\"page103_title2\" class=\"title2_wp_outer\">\n<h2 class=\"title\"><span style=\"color: #ffffff;\">Primeira Dama da Rep\u00fablica de Angola<\/span><\/h2>\n<\/div>\n<div id=\"page103_htmltext1\" class=\"htmltext1_wp_outer\"><span style=\"color: #ffffff;\">S.E Ana Afonso Dias Louren\u00e7o nasceu em Luanda a 13 de Abril de 1957. \u00c9 licenciada em Economia pela Universidade Agostinho Neto.<\/span><br \/>\n<span style=\"color: #ffffff;\">A Sra. Louren\u00e7o tem uma longa experi\u00eancia em planeamento econ\u00f3mico, programa\u00e7\u00e3o de investimentos e an\u00e1lise de perspectivas em organiza\u00e7\u00f5es e institui\u00e7\u00f5es internacionais. A Sra. Louren\u00e7o frequentou um curso de p\u00f3s-gradua\u00e7\u00e3o em Estudos Africanos e Desenvolvimento na Universidade Cat\u00f3lica de Lisboa, Portugal.<\/span><br \/>\n<span style=\"color: #ffffff;\">Foi Vice-Ministra do Planeamento e Ministra do Planeamento de 1997 a 2012. Para al\u00e9m de outras fun\u00e7\u00f5es, foi membro do Conselho de Administra\u00e7\u00e3o do Grupo do Banco Mundial, como Directora Executiva representando Angola, \u00c1frica do Sul e Nig\u00e9ria de 2012 a 2016.<\/span><br \/>\n<span style=\"color: #ffffff;\">A Sra. Louren\u00e7o \u00e9 a Primeira Dama da Rep\u00fablica de Angola desde Setembro de 2017 e m\u00e3e de tr\u00eas raparigas.<\/span><br \/>\n<span style=\"color: #ffffff;\">Como Primeira Dama, d\u00e1 prioridade a iniciativas destinadas a melhorar as condi\u00e7\u00f5es de vida, bem-estar e capacita\u00e7\u00e3o para o desenvolvimento sustent\u00e1vel das comunidades, no campo da educa\u00e7\u00e3o, sa\u00fade, ambiente e cultura, com especial aten\u00e7\u00e3o \u00e0s raparigas, com a miss\u00e3o de contribuir para que Angola seja um pa\u00eds do qual os angolanos se orgulhem, resgatando valores sociais e morais fundamentais.<\/span><\/div>\n\n\t\t<\/div>\n\t<\/div><\/div><\/div><\/div><\/div><\/div><\/section><!-- end section -->","protected":false},"excerpt":{"rendered":"<p>Angola<\/p>","protected":false},"author":2,"featured_media":5727,"menu_order":17,"template":"","format":"standard","meta":{"_bbp_topic_count":0,"_bbp_reply_count":0,"_bbp_total_topic_count":0,"_bbp_total_reply_count":0,"_bbp_voice_count":0,"_bbp_anonymous_reply_count":0,"_bbp_topic_count_hidden":0,"_bbp_reply_count_hidden":0,"_bbp_forum_subforum_count":0,"footnotes":""},"categories":[69],"acf":[],"_links":{"self":[{"href":"https:\/\/oaflad.org\/pt\/wp-json\/wp\/v2\/oaflad_members\/3922"}],"collection":[{"href":"https:\/\/oaflad.org\/pt\/wp-json\/wp\/v2\/oaflad_members"}],"about":[{"href":"https:\/\/oaflad.org\/pt\/wp-json\/wp\/v2\/types\/oaflad_members"}],"author":[{"embeddable":true,"href":"https:\/\/oaflad.org\/pt\/wp-json\/wp\/v2\/users\/2"}],"version-history":[{"count":3,"href":"https:\/\/oaflad.org\/pt\/wp-json\/wp\/v2\/oaflad_members\/3922\/revisions"}],"predecessor-version":[{"id":4529,"href":"https:\/\/oaflad.org\/pt\/wp-json\/wp\/v2\/oaflad_members\/3922\/revisions\/4529"}],"wp:featuredmedia":[{"embeddable":true,"href":"https:\/\/oaflad.org\/pt\/wp-json\/wp\/v2\/media\/5727"}],"wp:attachment":[{"href":"https:\/\/oaflad.org\/pt\/wp-json\/wp\/v2\/media?parent=3922"}],"wp:term":[{"taxonomy":"category","embeddable":true,"href":"https:\/\/oaflad.org\/pt\/wp-json\/wp\/v2\/categories?post=3922"}],"curies":[{"name":"wp","href":"https:\/\/api.w.org\/{rel}","templated":true}]}}

H.E Mrs Ana Afonso Dias Lourenço

<section class="container-wrap  main-color"  style="padding-top:40px;padding-bottom:40px" ><div class="section-container container"><div class="vc_row wpb_row vc_row-fluid row"><div class="wpb_column vc_column_container vc_col-sm-12"><div class="vc_column-inner"><div class="wpb_wrapper">
	<div class="kleo_text_column wpb_text_column wpb_content_element" >
		<div class="wpb_wrapper">
			<div id="page103_title2" class="title2_wp_outer">
<h2 class="title"><span style="color: #ffffff;">Primeira Dama da República de Angola</span></h2>
</div>
<div id="page103_htmltext1" class="htmltext1_wp_outer"><span style="color: #ffffff;">S.E Ana Afonso Dias Lourenço nasceu em Luanda a 13 de Abril de 1957. É licenciada em Economia pela Universidade Agostinho Neto.</span><br />
<span style="color: #ffffff;">A Sra. Lourenço tem uma longa experiência em planeamento económico, programação de investimentos e análise de perspectivas em organizações e instituições internacionais. A Sra. Lourenço frequentou um curso de pós-graduação em Estudos Africanos e Desenvolvimento na Universidade Católica de Lisboa, Portugal.</span><br />
<span style="color: #ffffff;">Foi Vice-Ministra do Planeamento e Ministra do Planeamento de 1997 a 2012. Para além de outras funções, foi membro do Conselho de Administração do Grupo do Banco Mundial, como Directora Executiva representando Angola, África do Sul e Nigéria de 2012 a 2016.</span><br />
<span style="color: #ffffff;">A Sra. Lourenço é a Primeira Dama da República de Angola desde Setembro de 2017 e mãe de três raparigas.</span><br />
<span style="color: #ffffff;">Como Primeira Dama, dá prioridade a iniciativas destinadas a melhorar as condições de vida, bem-estar e capacitação para o desenvolvimento sustentável das comunidades, no campo da educação, saúde, ambiente e cultura, com especial atenção às raparigas, com a missão de contribuir para que Angola seja um país do qual os angolanos se orgulhem, resgatando valores sociais e morais fundamentais.</span></div>

		</div>
	</div></div></div></div></div></div></section><!-- end section -->
